{"id":1083,"date":"2024-11-25T12:51:04","date_gmt":"2024-11-25T12:51:04","guid":{"rendered":"https:\/\/centrulculturalvrancea.ro\/magazin\/?post_type=product&#038;p=1083"},"modified":"2024-11-25T12:58:14","modified_gmt":"2024-11-25T12:58:14","slug":"traista-din-lana-4","status":"publish","type":"product","link":"https:\/\/centrulculturalvrancea.ro\/magazin\/produs\/traista-din-lana-4\/","title":{"rendered":"Traist\u0103 din l\u00e2n\u0103"},"content":{"rendered":"<p>Traist\u0103 din l\u00e2n\u0103 lucrat\u0103 la r\u0103zboi, diverse modele.<\/p>\n","protected":false},"excerpt":{"rendered":"<p>Traist\u0103 din l\u00e2n\u0103 lucrat\u0103 la r\u0103zboi, diverse modele.<\/p>\n","protected":false},"featured_media":1081,"template":"","meta":[],"product_brand":[],"product_cat":[38],"product_tag":[],"class_list":{"0":"post-1083","1":"product","2":"type-product","3":"status-publish","4":"has-post-thumbnail","6":"product_cat-arta-populara","8":"first","9":"instock","10":"shipping-taxable","11":"purchasable","12":"product-type-simple"},"_links":{"self":[{"href":"https:\/\/centrulculturalvrancea.ro\/magazin\/wp-json\/wp\/v2\/product\/1083","targetHints":{"allow":["GET"]}}],"collection":[{"href":"https:\/\/centrulculturalvrancea.ro\/magazin\/wp-json\/wp\/v2\/product"}],"about":[{"href":"https:\/\/centrulculturalvrancea.ro\/magazin\/wp-json\/wp\/v2\/types\/product"}],"wp:featuredmedia":[{"embeddable":true,"href":"https:\/\/centrulculturalvrancea.ro\/magazin\/wp-json\/wp\/v2\/media\/1081"}],"wp:attachment":[{"href":"https:\/\/centrulculturalvrancea.ro\/magazin\/wp-json\/wp\/v2\/media?parent=1083"}],"wp:term":[{"taxonomy":"product_brand","embeddable":true,"href":"https:\/\/centrulculturalvrancea.ro\/magazin\/wp-json\/wp\/v2\/product_brand?post=1083"},{"taxonomy":"product_cat","embeddable":true,"href":"https:\/\/centrulculturalvrancea.ro\/magazin\/wp-json\/wp\/v2\/product_cat?post=1083"},{"taxonomy":"product_tag","embeddable":true,"href":"https:\/\/centrulculturalvrancea.ro\/magazin\/wp-json\/wp\/v2\/product_tag?post=1083"}],"curies":[{"name":"wp","href":"https:\/\/api.w.org\/{rel}","templated":true}]}}